s 789445 a composite number?
True
Is 42641 a prime number?
True
Is 100787 a prime number?
True
Is 28757 a composite number?
True
Is 6047 composite?
False
Is 2518367 a prime number?
True
Is 475181 prime?
False
Is 269894 a composite number?
True
Is 20419 a composite number?
True
Is 40423 composite?
False
Is 244641 prime?
False
Is 1639409 composite?
False
Is 2047141 prime?
True
Is 545 a prime number?
False
Is 472421 prime?
True
Is 19561 prime?
False
Is 395 a composite number?
True
Is 971 a prime number?
True
Is 54857 a composite number?
True
Is 192301 a prime number?
False
Is 22993 a composite number?
False
Is 141385 a prime number?
False
Is 28327 a prime number?
False
Is 5199 composite?
True
Is 132817 a prime number?
True
Is 386117 composite?
False
Is 57163 a prime number?
True
Is 66335 composite?
True
Is 409367 a prime number?
False
Is 74335 composite?
True
Is 1029563 a prime number?
True
Is 417641 prime?
False
Is 14545 prime?
False
Is 30329 prime?
False
Is 40927 a composite number?
False
Is 135335 composite?
True
Is 1949 a composite number?
False
Is 40835 a composite number?
True
Is 5623 a composite number?
False
Is 30601 a composite number?
True
Is 2651951 a prime number?
False
Is 217079 prime?
False
Is 3784193 composite?
True
Is 3642377 a composite number?
False
Is 369841 a prime number?
True
Is 233159 prime?
True
Is 2809 a prime number?
False
Is 329059 a prime number?
True
Is 9745 a composite number?
True
Is 500291 a composite number?
True
Is 700499 a composite number?
False
Is 107621 prime?
True
Is 9619 prime?
True
Is 3977 prime?
False
Is 961294 a prime number?
False
Is 371417 prime?
True
Is 14923 a composite number?
False
Is 65393 a prime number?
True
Is 35171 a composite number?
False
Is 236473 composite?
True
Is 71107 a composite number?
True
Is 93007 a composite number?
True
Is 306239 a prime number?
True
Is 170594 a composite number?
True
Is 681 composite?
True
Is 70687 composite?
False
Is 144023 a composite number?
True
Is 1969589 composite?
False
Is 31121 prime?
True
Is 8923 composite?
False
Is 781031 composite?
True
Is 207169 prime?
True
Is 793399 prime?
True
Is 758929 a prime number?
True
Is 2944289 a prime number?
True
Is 481813 a composite number?
False
Is 372367 a prime number?
True
Is 11549 composite?
False
Is 37603 prime?
False
Is 8059 composite?
False
Is 291 prime?
False
Is 144469 a composite number?
True
Is 8537 prime?
True
Is 41381 a prime number?
True
Is 8209 a prime number?
True
Is 68633 composite?
False
Is 339333 composite?
True
Is 4116443 a composite number?
False
Is 12989 a prime number?
False
Is 475889 prime?
True
Is 59881 composite?
True
Is 39187 composite?
True
Is 2258395 a prime number?
False
Is 10969 composite?
True
Is 23857 composite?
False
Is 46609 a composite number?
True
Is 51703 a composite number?
True
Is 3046 a composite number?
True
Is 2317 a composite number?
True
Is 26762 a prime number?
False
Is 282847 a composite number?
False
Is 28277 composite?
False
Is 36433 prime?
True
Is 8057 a prime number?
False
Is 181163 a composite number?
True
Is 633007 a composite number?
True
Is 1555447 a prime number?
False
Is 10417 prime?
False
Is 34189 prime?
False
Is 294311 a composite number?
False
Is 83869 composite?
False
Is 30769 composite?
True
Is 45709 a prime number?
False
Is 43391 composite?
False
Is 368603 composite?
True
Is 753 a composite number?
True
Is 443773 a composite number?
True
Is 164717 a composite number?
True
Is 98269 composite?
False
Is 112027 composite?
True
Is 3929951 a prime number?
True
Is 61211 composite?
False
Is 17263 prime?
False
Is 96377 composite?
False
Is 70157 prime?
True
Is 42433 a prime number?
True
Is 34899 composite?
True
Is 3173 composite?
True
Is 402121 a prime number?
False
Is 48629 a prime number?
False
Is 9899 a prime number?
False
Is 349291 composite?
False
Is 166714 a prime number?
False
Is 55661 composite?
False
Is 5297 a composite number?
False
Is 939197 prime?
False
Is 57047 prime?
True
Is 208694 a prime number?
False
Is 71506 prime?
False
Is 63191 composite?
True
Is 112967 composite?
False
Is 246049 a composite number?
False
Is 758929 prime?
True
Is 22867 composite?
True
Is 2447 prime?
True
Is 95 prime?
False
Is 2646583 a composite number?
False
Is 292607 a composite number?
True
Is 3414913 prime?
True
Is 10243 a prime number?
True
Is 81259 a composite number?
True
Is 39971 a prime number?
True
Is 410273 a composite number?
True
Is 45811 a prime number?
False
Is 21001 composite?
False
Is 851 composite?
True
Is 77153 a prime number?
True
Is 54517 a prime number?
True
Is 3307585 prime?
False
Is 27329 prime?
True
Is 21955 prime?
False
Is 282407 prime?
True
Is 3293 prime?
False
Is 225671 composite?
False
Is 767 prime?
False
Is 3551 prime?
False
Is 47833 composite?
True
Is 144961 a composite number?
False
Is 1108139 composite?
True
Is 8777 composite?
True
Is 30359 composite?
True
Is 131293 composite?
False
Is 52489 prime?
True
Is 6119 a prime number?
False
Is 3649 a composite number?
True
Is 323501 composite?
True
Is 13367 a prime number?
True
Is 84299 a composite number?
False
Is 20749 prime?
True
Is 18773 prime?
True
Is 18599 a prime number?
False
Is 500567 composite?
False
Is 36809 composite?
False
Is 263009 a prime number?
True
Is 202021 prime?
True
Is 1338589 a prime number?
False
Is 37951 prime?
True
Is 135769 composite?
True
Is 35891 composite?
True
Is 45053 composite?
False
Is 2774033 composite?
True
Is 166351 prime?
True
Is 18853 composite?
True
Is 14757 a prime number?
False
Is 413003 a composite number?
True
Is 191414 composite?
True
Is 243553 a composite number?
False
Is 196985 a composite number?
True
Is 87859 composite?
True
Is 2813 composite?
True
Is 4373 a composite number?
False
Is 2173 prime?
False
Is 16811 a prime number?
True
Is 61879 a prime number?
True
Is 746 prime?
False
Is 12323 composite?
False
Is 6323 composite?
False
Is 42371 prime?
False
Is 1733 prime?
True
Is 9671 prime?
False
Is 6717 a prime number?
False
Is 17851 a prime number?
True
Is 8161 composite?
False
Is 8563 a prime number?
True
Is 191 composite?
False
Is 23447 a prime number?
True
Is 107053 composite?
False
Is 318011 a prime number?
False
Is 25367 composite?
False
Is 110101 a composite number?
True
Is 72613 composite?
False
Is 1664977 a composite number?
True
Is 48457 a prime number?
False
Is 6287 a prime number?
True
Is 2787 prime?
False
Is 3977 a prime number?
False
Is 592387 composite?
False
Is 8354 prime?
False
Is 986369 prime?
True
Is 168907 a composite number?
True
Is 2743 a prime number?
False
Is 18303 composite?
True
Is 7069 a prime number?
True
Is 8714 composite?
True
Is 7103 composite?
False
Is 87487 a composite number?
True
Is 15643 prime?
True
Is 278243 a composite number?
True
Is 16327 composite?
True
Is 372737 a composite number?
True
Is 24329 a composite number?
False
Is 3691 a composite number?
False
Is 60859 a prime number?
True
Is 87613 composite?
False
Is 159287 a composite number?
False
Is 818593 prime?
False
Is 871229 prime?
True
Is 18833 a prime number?
False
Is 27581 composite?
False
Is 5279 composite?
False
Is 206749 composite?
False
Is 16053 a prime number?
False
Is 86367 composite?
True
Is 67823 prime?
False
Is 150473 a composite number?
False
Is 51215 composite?
True
Is 1967587 a composite number?
False
Is 3103117 prime?
False
Is 9811 prime?
True
Is 332617 composite?
False
Is 35539 composite?
True
Is 34737 a composite number?
True
Is 973631 prime?
True
Is 1008659 a prime number?
True
Is 65287 prime?
True
Is 150323 prime?
True
Is 6067 a prime number?
True
Is 107053 composite?
False
Is 2221 a composite number?
False
Is 45363 prime?
False
Is 1138483 a prime number?
True
Is 11665 composite?
True
Is 23189 composite?
False
Is 44903 a composite number?
True
Is 228237 composite?
True
Is 43799 composite?
True
Is 41649 prime?
False
Is 30587 a composite number?
True
Is 47731 prime?
False
Is 162033 a composite number?
True
Is 210505 a prime number?
False
Is 99887 prime?
False
Is 24619 composite?
True
Is 69427 a prime number?
True
Is 15937 prime?
True
Is 1116053 prime?
True
Is 21451 composite?
True
Is 169607 a prime number?
True
Is 19121 a prime number?
True
Is 929957 composite?
True
Is 70391 a prime number?
False
Is 5639 a prime number?
True
Is 111409 prime?
True
I